{"id":169,"date":"2016-08-13T06:26:08","date_gmt":"2016-08-13T06:26:08","guid":{"rendered":"https:\/\/212.51.210.187\/wordpress\/event\/?page_id=169"},"modified":"2019-03-28T10:53:17","modified_gmt":"2019-03-28T10:53:17","slug":"august-ariana-pacific","status":"publish","type":"page","link":"https:\/\/1kbsw.p.lodz.pl\/?page_id=169","title":{"rendered":"Dla Autor\u00f3w"},"content":{"rendered":"<p><img loading=\"lazy\" decoding=\"async\" src=\"http:\/\/1kbsw.p.lodz.pl\/wp-content\/uploads\/2019\/01\/dla-autorow.png\" alt=\"\" class=\"wp-image-1163\" width=\"600\" height=\"314\"><\/p>\n<p>Szanowni Pa\u0144stwo.<\/p>\n<p>Zapraszamy do zg\u0142aszania wyst\u0105pie\u0144 na I Kongresie Bibliotek Szk\u00f3\u0142 Wy\u017cszych, w zakresie zagadnie\u0144 przedstawionych w <a href=\"http:\/\/1kbsw.p.lodz.pl\/?page_id=352\">Idei Kongresu<\/a> oraz mieszcz\u0105cych si\u0119 w jednej z sesji w ramowym <a href=\"http:\/\/1kbsw.p.lodz.pl\/?page_id=664\">programie<\/a>, w formie:<br \/>\n\u2013 15-minutowych referat\u00f3w, szeroko i analitycznie poruszaj\u0105cych jeden z proponowanych temat\u00f3w,<br \/>\n\u2013 5-minutowych komunikat\u00f3w, odnosz\u0105cych si\u0119 do rozwi\u0105za\u0144 we w\u0142asnych bibliotekach.<\/p>\n<p>Zg\u0142oszenia wyst\u0105pie\u0144 wraz ze streszczeniami nale\u017cy uwzgl\u0119dni\u0107 w formularzu <a href=\"http:\/\/1kbsw.p.lodz.pl\/?page_id=364\">rejestracyjnym<\/a>, wype\u0142niaj\u0105c odpowiednie pola i przesy\u0142a\u0107 do dnia 28 lutego 2019 r.<\/p>\n<p>Informacje o przyj\u0119ciu referatu lub komunikatu autorzy otrzymaj\u0105 do 15 marca 2019 r.<br \/>\nAutorzy zaakceptowanych wyst\u0105pie\u0144 powinni przes\u0142a\u0107 mailem na adres <span style=\"color: #000080;\">kongres@lib.p.lodz.pl<\/span> do 22 marca 2019 r. zdj\u0119cie, biogram i ostateczn\u0105 wersj\u0119 streszczenia zgodnie z <a href=\"http:\/\/1kbsw.p.lodz.pl\/wp-content\/uploads\/2019\/01\/szablon_zgloszenia_tekstu.rtf\">szablonem<\/a>.<\/p>\n<p>Wszystkie wyg\u0142oszone referaty i komunikaty zostan\u0105 opublikowane \u2013 wraz z prezentacjami \u2013 w serii \u201eMateria\u0142y Konferencyjne EBIB\u201d, na licencji CC BY 3.0 Uznanie autorstwa.<\/p>\n<p>Ponadto autorzy 5-10 wybranych tekst\u00f3w zostan\u0105 zaproszeni do przygotowania artyku\u0142\u00f3w do opublikowania w recenzowanym czasopi\u015bmie \u201eActa Universitatis Lodziensis. Folia Librorum\u201d z serii zeszyt\u00f3w naukowych Uniwersytetu \u0141\u00f3dzkiego.<\/p>\n<p>W razie wi\u0119kszej liczby zg\u0142osze\u0144 ni\u017c jeste\u015bmy w stanie w\u0142\u0105czy\u0107 do programu, autorzy b\u0119d\u0105 mieli mo\u017cliwo\u015b\u0107 zaprezentowania na Kongresie posteru i zamieszczenia tekstu w materia\u0142ach pokongresowych.<\/p>\n<p><strong>Wytyczne dla autor\u00f3w tekst\u00f3w<\/strong><\/p>\n<p>Informacje dotycz\u0105ce referat\u00f3w znajd\u0105 Pa\u0144stwo na stronie <a href=\"http:\/\/open.ebib.pl\/ojs\/index.php\/Mat_konf\/about\/submissions#authorGuidelines\" target=\"_blank\" rel=\"noopener noreferrer\">Stowarzyszenia EBIB<\/a>. Dodatkowo w tekstach (do 15 stron) nale\u017cy zamie\u015bci\u0107: tytu\u0142, s\u0142owa kluczowe oraz streszczenia w j\u0119zyku polskim i angielskim.<\/p>\n<p>Wytyczne publikowania w \u201eActa Universitatis Lodziensis. Folia Librorum\u201d zostan\u0105 przekazane w terminie p\u00f3\u017aniejszym autorom wybranych tekst\u00f3w.<\/p>\n","protected":false},"excerpt":{"rendered":"<p>\t\t\t\t<![CDATA[]]>\t\t<\/p>\n","protected":false},"author":2,"featured_media":0,"parent":357,"menu_order":0,"comment_status":"closed","ping_status":"closed","template":"","meta":{"footnotes":""},"class_list":["post-169","page","type-page","status-publish","hentry"],"_links":{"self":[{"href":"https:\/\/1kbsw.p.lodz.pl\/index.php?rest_route=\/wp\/v2\/pages\/169","targetHints":{"allow":["GET"]}}],"collection":[{"href":"https:\/\/1kbsw.p.lodz.pl\/index.php?rest_route=\/wp\/v2\/pages"}],"about":[{"href":"https:\/\/1kbsw.p.lodz.pl\/index.php?rest_route=\/wp\/v2\/types\/page"}],"author":[{"embeddable":true,"href":"https:\/\/1kbsw.p.lodz.pl\/index.php?rest_route=\/wp\/v2\/users\/2"}],"replies":[{"embeddable":true,"href":"https:\/\/1kbsw.p.lodz.pl\/index.php?rest_route=%2Fwp%2Fv2%2Fcomments&post=169"}],"version-history":[{"count":7,"href":"https:\/\/1kbsw.p.lodz.pl\/index.php?rest_route=\/wp\/v2\/pages\/169\/revisions"}],"predecessor-version":[{"id":2247,"href":"https:\/\/1kbsw.p.lodz.pl\/index.php?rest_route=\/wp\/v2\/pages\/169\/revisions\/2247"}],"up":[{"embeddable":true,"href":"https:\/\/1kbsw.p.lodz.pl\/index.php?rest_route=\/wp\/v2\/pages\/357"}],"wp:attachment":[{"href":"https:\/\/1kbsw.p.lodz.pl\/index.php?rest_route=%2Fwp%2Fv2%2Fmedia&parent=169"}],"curies":[{"name":"wp","href":"https:\/\/api.w.org\/{rel}","templated":true}]}}