{"id":3247,"date":"2019-07-15T20:17:52","date_gmt":"2019-07-15T20:17:52","guid":{"rendered":"http:\/\/1kbsw.p.lodz.pl\/?page_id=3247"},"modified":"2019-07-15T22:35:06","modified_gmt":"2019-07-15T22:35:06","slug":"sesja-2","status":"publish","type":"page","link":"https:\/\/1kbsw.p.lodz.pl\/?page_id=3247","title":{"rendered":"Sesja 2"},"content":{"rendered":"\n<p><strong>\u015arodowisko bibliotek i bibliotekarzy akademickich \u2013 moderator: Bogumi\u0142a Urban<\/strong><\/p>\n\n\n\n<ul class=\"wp-block-list\"><li>Prorektor ds. kszta\u0142cenia U\u0141 prof. dr hab. S\u0142awomir Cie\u015blak, prof. zw. U\u0141<\/li><li>Lidia Derfert-Wolf, Maciej Rynarzewski: Kim jeste\u015bmy, co robimy, czym dysponujemy \u2013 \u015brodowisko bibliotek szk\u00f3\u0142 wy\u017cszych w Polsce<\/li><\/ul>\n\n\n\n<figure class=\"wp-block-embed-youtube wp-block-embed is-type-video is-provider-youtube wp-embed-aspect-16-9 wp-has-aspect-ratio\"><div class=\"wp-block-embed__wrapper\">\n<iframe loading=\"lazy\" title=\"1. Kongres Bibliotek Szk\u00f3\u0142 Wy\u017cszych. Sesja 2 (1)\" width=\"790\" height=\"444\" src=\"https:\/\/www.youtube.com\/embed\/W8SNDMzqG-g?feature=oembed\" frameborder=\"0\" allow=\"accelerometer; autoplay; encrypted-media; gyroscope; picture-in-picture\" allowfullscreen><\/iframe>\n<\/div><\/figure>\n\n\n\n<ul class=\"wp-block-list\"><li>dr Sabina Cisek: Stowarzyszenia bibliotekarskie na \u015bwiecie<\/li><\/ul>\n\n\n\n<figure class=\"wp-block-embed-youtube wp-block-embed is-type-video is-provider-youtube wp-embed-aspect-16-9 wp-has-aspect-ratio\"><div class=\"wp-block-embed__wrapper\">\n<iframe loading=\"lazy\" title=\"1. Kongres Bibliotek Szk\u00f3\u0142 Wy\u017cszych. Sesja 2 (2)\" width=\"790\" height=\"444\" src=\"https:\/\/www.youtube.com\/embed\/C0YqpDvgWZ0?feature=oembed\" frameborder=\"0\" allow=\"accelerometer; autoplay; encrypted-media; gyroscope; picture-in-picture\" allowfullscreen><\/iframe>\n<\/div><\/figure>\n\n\n\n<ul class=\"wp-block-list\"><li>Marzena Marcinek, dr Iwona S\u00f3jkowska: EBIB \u2013 stara mi\u0142o\u015b\u0107 nie rdzewieje<\/li><\/ul>\n\n\n\n<figure class=\"wp-block-embed-youtube wp-block-embed is-type-video is-provider-youtube wp-embed-aspect-16-9 wp-has-aspect-ratio\"><div class=\"wp-block-embed__wrapper\">\n<iframe loading=\"lazy\" title=\"1. Kongres Bibliotek Szk\u00f3\u0142 Wy\u017cszych. Sesja 2 (3)\" width=\"790\" height=\"444\" src=\"https:\/\/www.youtube.com\/embed\/MBMSAARfsRw?feature=oembed\" frameborder=\"0\" allow=\"accelerometer; autoplay; encrypted-media; gyroscope; picture-in-picture\" allowfullscreen><\/iframe>\n<\/div><\/figure>\n\n\n\n<ul class=\"wp-block-list\"><li>IBUK libra &#8211; wyst\u0105pienie sponsora<\/li><li>AFRIDO &#8211; wyst\u0105pienie sponsora<\/li><li>EBSCO &#8211; wyst\u0105pienie sponsora<\/li><li>Dyskusja<\/li><\/ul>\n\n\n\n<figure class=\"wp-block-embed-youtube wp-block-embed is-type-video is-provider-youtube wp-embed-aspect-16-9 wp-has-aspect-ratio\"><div class=\"wp-block-embed__wrapper\">\n<iframe loading=\"lazy\" title=\"1. Kongres Bibliotek Szk\u00f3\u0142 Wy\u017cszych. Sesja 2 (4)\" width=\"790\" height=\"444\" src=\"https:\/\/www.youtube.com\/embed\/-HolIttKRy8?feature=oembed\" frameborder=\"0\" allow=\"accelerometer; autoplay; encrypted-media; gyroscope; picture-in-picture\" allowfullscreen><\/iframe>\n<\/div><\/figure>\n","protected":false},"excerpt":{"rendered":"<p>\u015arodowisko bibliotek i bibliotekarzy akademickich \u2013 moderator: Bogumi\u0142a Urban Prorektor ds. kszta\u0142cenia U\u0141 prof. dr hab. S\u0142awomir Cie\u015blak, prof. zw.&hellip; <\/p>\n","protected":false},"author":3,"featured_media":0,"parent":0,"menu_order":0,"comment_status":"closed","ping_status":"closed","template":"","meta":{"footnotes":""},"class_list":["post-3247","page","type-page","status-publish","hentry"],"_links":{"self":[{"href":"https:\/\/1kbsw.p.lodz.pl\/index.php?rest_route=\/wp\/v2\/pages\/3247","targetHints":{"allow":["GET"]}}],"collection":[{"href":"https:\/\/1kbsw.p.lodz.pl\/index.php?rest_route=\/wp\/v2\/pages"}],"about":[{"href":"https:\/\/1kbsw.p.lodz.pl\/index.php?rest_route=\/wp\/v2\/types\/page"}],"author":[{"embeddable":true,"href":"https:\/\/1kbsw.p.lodz.pl\/index.php?rest_route=\/wp\/v2\/users\/3"}],"replies":[{"embeddable":true,"href":"https:\/\/1kbsw.p.lodz.pl\/index.php?rest_route=%2Fwp%2Fv2%2Fcomments&post=3247"}],"version-history":[{"count":3,"href":"https:\/\/1kbsw.p.lodz.pl\/index.php?rest_route=\/wp\/v2\/pages\/3247\/revisions"}],"predecessor-version":[{"id":3251,"href":"https:\/\/1kbsw.p.lodz.pl\/index.php?rest_route=\/wp\/v2\/pages\/3247\/revisions\/3251"}],"wp:attachment":[{"href":"https:\/\/1kbsw.p.lodz.pl\/index.php?rest_route=%2Fwp%2Fv2%2Fmedia&parent=3247"}],"curies":[{"name":"wp","href":"https:\/\/api.w.org\/{rel}","templated":true}]}}