{"id":3265,"date":"2019-07-16T18:43:36","date_gmt":"2019-07-16T18:43:36","guid":{"rendered":"http:\/\/1kbsw.p.lodz.pl\/?page_id=3265"},"modified":"2019-07-16T23:19:10","modified_gmt":"2019-07-16T23:19:10","slug":"sesja-5","status":"publish","type":"page","link":"https:\/\/1kbsw.p.lodz.pl\/?page_id=3265","title":{"rendered":"Sesja 5"},"content":{"rendered":"\n<p><strong>Otwarta nauka, otwarty dost\u0119p, otwarte dane <\/strong>\u2013 moderator: Lidia Derfert\u2013Wolf<\/p>\n\n\n\n<ul class=\"wp-block-list\"><li>dr Maria Anna Jankowska: Humanistyka cyfrowa a biblioteki akademickie<\/li><\/ul>\n\n\n\n<figure class=\"wp-block-embed-youtube wp-block-embed is-type-video is-provider-youtube wp-embed-aspect-16-9 wp-has-aspect-ratio\"><div class=\"wp-block-embed__wrapper\">\n<iframe loading=\"lazy\" title=\"1. Kongres Bibliotek Szk\u00f3\u0142 Wy\u017cszych. Sesja 5 (1)\" width=\"790\" height=\"444\" src=\"https:\/\/www.youtube.com\/embed\/RmsLbbf_Do0?feature=oembed\" frameborder=\"0\" allow=\"accelerometer; autoplay; encrypted-media; gyroscope; picture-in-picture\" allowfullscreen><\/iframe>\n<\/div><\/figure>\n\n\n\n<ul class=\"wp-block-list\"><li>dr Leszek Szafra\u0144ski: Umowy transformacyjne (transformative agreements) w kontek\u015bcie otwartego dost\u0119pu do wynik\u00f3w bada\u0144 naukowych<\/li><\/ul>\n\n\n\n<figure class=\"wp-block-embed-youtube wp-block-embed is-type-video is-provider-youtube wp-embed-aspect-16-9 wp-has-aspect-ratio\"><div class=\"wp-block-embed__wrapper\">\n<iframe loading=\"lazy\" title=\"1. Kongres Bibliotek Szk\u00f3\u0142 Wy\u017cszych. Sesja 5 (2)\" width=\"790\" height=\"444\" src=\"https:\/\/www.youtube.com\/embed\/qPWslsXr1r8?feature=oembed\" frameborder=\"0\" allow=\"accelerometer; autoplay; encrypted-media; gyroscope; picture-in-picture\" allowfullscreen><\/iframe>\n<\/div><\/figure>\n\n\n\n<ul class=\"wp-block-list\"><li>Anna Grygorowicz, Agnieszka Milewska, Natalia Wi\u015bniewska: Otwarte dane medyczne \u2013 morze potencja\u0142u, ocean wyzwa\u0144<\/li><\/ul>\n\n\n\n<figure class=\"wp-block-embed-youtube wp-block-embed is-type-video is-provider-youtube wp-embed-aspect-16-9 wp-has-aspect-ratio\"><div class=\"wp-block-embed__wrapper\">\n<iframe loading=\"lazy\" title=\"1. Kongres Bibliotek Szk\u00f3\u0142 Wy\u017cszych. Sesja 5 (3)\" width=\"790\" height=\"444\" src=\"https:\/\/www.youtube.com\/embed\/ZqVU6fVDwus?feature=oembed\" frameborder=\"0\" allow=\"accelerometer; autoplay; encrypted-media; gyroscope; picture-in-picture\" allowfullscreen><\/iframe>\n<\/div><\/figure>\n\n\n\n<ul class=\"wp-block-list\"><li>Natalia Wysmyk: Monografie naukowe: w poszukiwaniu otwarto\u015bci<\/li><\/ul>\n\n\n\n<figure class=\"wp-block-embed-youtube wp-block-embed is-type-video is-provider-youtube wp-embed-aspect-16-9 wp-has-aspect-ratio\"><div class=\"wp-block-embed__wrapper\">\n<iframe loading=\"lazy\" title=\"1. Kongres Bibliotek Szk\u00f3\u0142 Wy\u017cszych. Sesja 5 (4)\" width=\"790\" height=\"444\" src=\"https:\/\/www.youtube.com\/embed\/0NPFCTeYKHU?feature=oembed\" frameborder=\"0\" allow=\"accelerometer; autoplay; encrypted-media; gyroscope; picture-in-picture\" allowfullscreen><\/iframe>\n<\/div><\/figure>\n\n\n\n<ul class=\"wp-block-list\"><li>Paulina Szczuci\u0144ska: Otwarty dost\u0119p do podr\u0119cznik\u00f3w akademickich<\/li><\/ul>\n\n\n\n<figure class=\"wp-block-embed-youtube wp-block-embed is-type-video is-provider-youtube wp-embed-aspect-16-9 wp-has-aspect-ratio\"><div class=\"wp-block-embed__wrapper\">\n<iframe loading=\"lazy\" title=\"1. Kongres Bibliotek Szk\u00f3\u0142 Wy\u017cszych. Sesja 5 (5)\" width=\"790\" height=\"444\" src=\"https:\/\/www.youtube.com\/embed\/bEpkPZ9jE6k?feature=oembed\" frameborder=\"0\" allow=\"accelerometer; autoplay; encrypted-media; gyroscope; picture-in-picture\" allowfullscreen><\/iframe>\n<\/div><\/figure>\n\n\n\n<ul class=\"wp-block-list\"><li>Dorota Wierzbicka-Pr\u00f3chniak, Danuta Szewczyk-K\u0142os: Platforma czasopism Uniwersytetu Opolskiego \u2013 przyk\u0142adem synergii w budowaniu otwartego dost\u0119pu do publikacji uczelnianych<\/li><li>Agnieszka Goszczy\u0144ska: Otwarty UMed \u2013 badania, projekty, wyzwania<\/li><li>Dyskusja<\/li><\/ul>\n\n\n\n<figure class=\"wp-block-embed-youtube wp-block-embed is-type-video is-provider-youtube wp-embed-aspect-16-9 wp-has-aspect-ratio\"><div class=\"wp-block-embed__wrapper\">\n<iframe loading=\"lazy\" title=\"1. Kongres Bibliotek Szk\u00f3\u0142 Wy\u017cszych. Sesja 5 (6)\" width=\"790\" height=\"444\" src=\"https:\/\/www.youtube.com\/embed\/dETfDZ-ju10?feature=oembed\" frameborder=\"0\" allow=\"accelerometer; autoplay; encrypted-media; gyroscope; picture-in-picture\" allowfullscreen><\/iframe>\n<\/div><\/figure>\n","protected":false},"excerpt":{"rendered":"<p>Otwarta nauka, otwarty dost\u0119p, otwarte dane \u2013 moderator: Lidia Derfert\u2013Wolf dr Maria Anna Jankowska: Humanistyka cyfrowa a biblioteki akademickie dr&hellip; <\/p>\n","protected":false},"author":3,"featured_media":0,"parent":0,"menu_order":0,"comment_status":"closed","ping_status":"closed","template":"","meta":{"footnotes":""},"class_list":["post-3265","page","type-page","status-publish","hentry"],"_links":{"self":[{"href":"https:\/\/1kbsw.p.lodz.pl\/index.php?rest_route=\/wp\/v2\/pages\/3265","targetHints":{"allow":["GET"]}}],"collection":[{"href":"https:\/\/1kbsw.p.lodz.pl\/index.php?rest_route=\/wp\/v2\/pages"}],"about":[{"href":"https:\/\/1kbsw.p.lodz.pl\/index.php?rest_route=\/wp\/v2\/types\/page"}],"author":[{"embeddable":true,"href":"https:\/\/1kbsw.p.lodz.pl\/index.php?rest_route=\/wp\/v2\/users\/3"}],"replies":[{"embeddable":true,"href":"https:\/\/1kbsw.p.lodz.pl\/index.php?rest_route=%2Fwp%2Fv2%2Fcomments&post=3265"}],"version-history":[{"count":4,"href":"https:\/\/1kbsw.p.lodz.pl\/index.php?rest_route=\/wp\/v2\/pages\/3265\/revisions"}],"predecessor-version":[{"id":3270,"href":"https:\/\/1kbsw.p.lodz.pl\/index.php?rest_route=\/wp\/v2\/pages\/3265\/revisions\/3270"}],"wp:attachment":[{"href":"https:\/\/1kbsw.p.lodz.pl\/index.php?rest_route=%2Fwp%2Fv2%2Fmedia&parent=3265"}],"curies":[{"name":"wp","href":"https:\/\/api.w.org\/{rel}","templated":true}]}}

<p><strong>Otwarta nauka, otwarty dostęp, otwarte dane </strong>– moderator: Lidia Derfert–Wolf</p>



<ul class="wp-block-list"><li>dr Maria Anna Jankowska: Humanistyka cyfrowa a biblioteki akademickie</li></ul>



<figure class="wp-block-embed-youtube wp-block-embed is-type-video is-provider-youtube wp-embed-aspect-16-9 wp-has-aspect-ratio"><div class="wp-block-embed__wrapper">
<iframe loading="lazy" title="1. Kongres Bibliotek Szkół Wyższych. Sesja 5 (1)" width="790" height="444" src="https://www.youtube.com/embed/RmsLbbf_Do0?feature=oembed" frameborder="0" allow="accelerometer; autoplay; encrypted-media; gyroscope; picture-in-picture" allowfullscreen></iframe>
</div></figure>



<ul class="wp-block-list"><li>dr Leszek Szafrański: Umowy transformacyjne (transformative agreements) w kontekście otwartego dostępu do wyników badań naukowych</li></ul>



<figure class="wp-block-embed-youtube wp-block-embed is-type-video is-provider-youtube wp-embed-aspect-16-9 wp-has-aspect-ratio"><div class="wp-block-embed__wrapper">
<iframe loading="lazy" title="1. Kongres Bibliotek Szkół Wyższych. Sesja 5 (2)" width="790" height="444" src="https://www.youtube.com/embed/qPWslsXr1r8?feature=oembed" frameborder="0" allow="accelerometer; autoplay; encrypted-media; gyroscope; picture-in-picture" allowfullscreen></iframe>
</div></figure>



<ul class="wp-block-list"><li>Anna Grygorowicz, Agnieszka Milewska, Natalia Wiśniewska: Otwarte dane medyczne – morze potencjału, ocean wyzwań</li></ul>



<figure class="wp-block-embed-youtube wp-block-embed is-type-video is-provider-youtube wp-embed-aspect-16-9 wp-has-aspect-ratio"><div class="wp-block-embed__wrapper">
<iframe loading="lazy" title="1. Kongres Bibliotek Szkół Wyższych. Sesja 5 (3)" width="790" height="444" src="https://www.youtube.com/embed/ZqVU6fVDwus?feature=oembed" frameborder="0" allow="accelerometer; autoplay; encrypted-media; gyroscope; picture-in-picture" allowfullscreen></iframe>
</div></figure>



<ul class="wp-block-list"><li>Natalia Wysmyk: Monografie naukowe: w poszukiwaniu otwartości</li></ul>



<figure class="wp-block-embed-youtube wp-block-embed is-type-video is-provider-youtube wp-embed-aspect-16-9 wp-has-aspect-ratio"><div class="wp-block-embed__wrapper">
<iframe loading="lazy" title="1. Kongres Bibliotek Szkół Wyższych. Sesja 5 (4)" width="790" height="444" src="https://www.youtube.com/embed/0NPFCTeYKHU?feature=oembed" frameborder="0" allow="accelerometer; autoplay; encrypted-media; gyroscope; picture-in-picture" allowfullscreen></iframe>
</div></figure>



<ul class="wp-block-list"><li>Paulina Szczucińska: Otwarty dostęp do podręczników akademickich</li></ul>



<figure class="wp-block-embed-youtube wp-block-embed is-type-video is-provider-youtube wp-embed-aspect-16-9 wp-has-aspect-ratio"><div class="wp-block-embed__wrapper">
<iframe loading="lazy" title="1. Kongres Bibliotek Szkół Wyższych. Sesja 5 (5)" width="790" height="444" src="https://www.youtube.com/embed/bEpkPZ9jE6k?feature=oembed" frameborder="0" allow="accelerometer; autoplay; encrypted-media; gyroscope; picture-in-picture" allowfullscreen></iframe>
</div></figure>



<ul class="wp-block-list"><li>Dorota Wierzbicka-Próchniak, Danuta Szewczyk-Kłos: Platforma czasopism Uniwersytetu Opolskiego – przykładem synergii w budowaniu otwartego dostępu do publikacji uczelnianych</li><li>Agnieszka Goszczyńska: Otwarty UMed – badania, projekty, wyzwania</li><li>Dyskusja</li></ul>



<figure class="wp-block-embed-youtube wp-block-embed is-type-video is-provider-youtube wp-embed-aspect-16-9 wp-has-aspect-ratio"><div class="wp-block-embed__wrapper">
<iframe loading="lazy" title="1. Kongres Bibliotek Szkół Wyższych. Sesja 5 (6)" width="790" height="444" src="https://www.youtube.com/embed/dETfDZ-ju10?feature=oembed" frameborder="0" allow="accelerometer; autoplay; encrypted-media; gyroscope; picture-in-picture" allowfullscreen></iframe>
</div></figure>

<p>Otwarta nauka, otwarty dostęp, otwarte dane – moderator: Lidia Derfert–Wolf dr Maria Anna Jankowska: Humanistyka cyfrowa a biblioteki akademickie dr&hellip; </p>
