{"id":364,"date":"2016-08-13T05:16:55","date_gmt":"2016-08-13T05:16:55","guid":{"rendered":"https:\/\/212.51.210.187\/wordpress\/event\/?page_id=151"},"modified":"2019-03-28T10:56:50","modified_gmt":"2019-03-28T10:56:50","slug":"fundraising-and-social-events","status":"publish","type":"page","link":"https:\/\/1kbsw.p.lodz.pl\/?page_id=364","title":{"rendered":"Formularz rejestracji"},"content":{"rendered":"<p><img loading=\"lazy\" decoding=\"async\" src=\"http:\/\/1kbsw.p.lodz.pl\/wp-content\/uploads\/2019\/02\/rejestracja.png\" alt=\"\" class=\"wp-image-1244\" width=\"600\" height=\"314\"><\/p>\n<p>Rejestracja na Kongres odbywa si\u0119 w systemie Politechniki \u0141\u00f3dzkiej w dw\u00f3ch etapach.<\/p>\n<p><strong>Etap 1.<\/strong> to za\u0142o\u017cenie konta na platformie WIKAMP Politechniki \u0141\u00f3dzkiej.<br \/>\n<strong>Etap 2.<\/strong> to rejestracja na Kongres oraz na wybrane warsztaty.<\/p>\n<p><strong>Ad. 1<br \/>\nRejestracja u\u017cytkownik\u00f3w platformy WIKAMP <\/strong><\/p>\n<p>Kroki, kt\u00f3re nale\u017cy wykona\u0107:<br \/>\n1. Wej\u015b\u0107 na stron\u0119: <a href=\"https:\/\/port.edu.p.lodz.pl\/\" target=\"_blank\" rel=\"noopener noreferrer\">https:\/\/port.edu.p.lodz.pl\/<\/a><br \/>\n2. Z prawego, g\u00f3rnego rogu wybra\u0107 opcj\u0119 &#8222;<em>Zaloguj<\/em>&#8221;<br \/>\n3. Z okna rejestracji wybra\u0107 opcj\u0119 &#8222;<em>Zacznij teraz od utworzenia nowego konta<\/em>&#8221;<br \/>\n4. Po chwili odebra\u0107 list wys\u0142any na wskazany w formularzu e-mail.<br \/>\n5. Klikn\u0105\u0107 zawarty w wiadomo\u015bci link, kt\u00f3ry potwierdza za\u0142o\u017cenie konta.<\/p>\n<p><img loading=\"lazy\" decoding=\"async\" class=\"alignnone  wp-image-1214\" src=\"http:\/\/1kbsw.p.lodz.pl\/wp-content\/uploads\/2019\/01\/port0.png\" alt=\"\" width=\"501\" height=\"359\"><\/p>\n<p><strong>Ad. 2<br \/>\nRejestracja na Kongres<\/strong><br \/>\n1. Nale\u017cy wej\u015b\u0107 na stron\u0119 <a href=\"https:\/\/port.edu.p.lodz.pl\/\" target=\"_blank\" rel=\"noopener noreferrer\">https:\/\/port.edu.p.lodz.pl\/<\/a><br \/>\n2. Wybra\u0107 kafelek &#8222;<em>I Kongres Bibliotek Szk\u00f3\u0142 Wy\u017cszych<\/em>&#8221;<br \/>\n3. Zalogowa\u0107 si\u0119 (tu b\u0119dzie potrzebna nazwa u\u017cytkownika i has\u0142o podane przy zak\u0142adaniu konta na platformie WIKAMP).<br \/>\n4. Wpisa\u0107 swoje dane w formularzu<\/p>\n<p><img loading=\"lazy\" decoding=\"async\" class=\"alignnone  wp-image-1199\" src=\"http:\/\/1kbsw.p.lodz.pl\/wp-content\/uploads\/2019\/01\/port1.png\" alt=\"\" width=\"501\" height=\"246\"><\/p>\n<p><span style=\"color: #ff0000;\">UWAGI:<\/span><\/p>\n<ol>\n<li>Po rejestracji otrzymaj\u0105 Pa\u0144stwo email od osoby odpowiedzialnej za rejestracj\u0119 na Kongres czyli Izabeli Gajdy (z adresu izabela.gajda@p.lodz.pl) o tre\u015bci: &#8222;<em>Witaj w przedmiocie I Kongres Bibliotek Szk\u00f3\u0142 Wy\u017cszych! Jedn\u0105 z pierwszych rzeczy, kt\u00f3r\u0105 mo\u017cesz zrobi\u0107, jest zmodyfikowanie swojego profilu, aby inni mogli dowiedzie\u0107 si\u0119 wi\u0119cej o Tobie&#8230;<\/em>&#8222;<\/li>\n<li>W przypadku pomy\u0142ki swoje dane mo\u017cna zmodyfikowa\u0107 u\u017cywaj\u0105c ikony z\u0119batego k\u00f3\u0142ka na dole formularza.<\/li>\n<\/ol>\n<p>Prosimy pami\u0119ta\u0107 o wylogowaniu si\u0119 z platformy WIKAMP.<\/p>\n","protected":false},"excerpt":{"rendered":"<p>\t\t\t\t<![CDATA[]]>\t\t<\/p>\n","protected":false},"author":2,"featured_media":0,"parent":357,"menu_order":0,"comment_status":"closed","ping_status":"closed","template":"","meta":{"footnotes":""},"class_list":["post-364","page","type-page","status-publish","hentry"],"_links":{"self":[{"href":"https:\/\/1kbsw.p.lodz.pl\/index.php?rest_route=\/wp\/v2\/pages\/364","targetHints":{"allow":["GET"]}}],"collection":[{"href":"https:\/\/1kbsw.p.lodz.pl\/index.php?rest_route=\/wp\/v2\/pages"}],"about":[{"href":"https:\/\/1kbsw.p.lodz.pl\/index.php?rest_route=\/wp\/v2\/types\/page"}],"author":[{"embeddable":true,"href":"https:\/\/1kbsw.p.lodz.pl\/index.php?rest_route=\/wp\/v2\/users\/2"}],"replies":[{"embeddable":true,"href":"https:\/\/1kbsw.p.lodz.pl\/index.php?rest_route=%2Fwp%2Fv2%2Fcomments&post=364"}],"version-history":[{"count":8,"href":"https:\/\/1kbsw.p.lodz.pl\/index.php?rest_route=\/wp\/v2\/pages\/364\/revisions"}],"predecessor-version":[{"id":2251,"href":"https:\/\/1kbsw.p.lodz.pl\/index.php?rest_route=\/wp\/v2\/pages\/364\/revisions\/2251"}],"up":[{"embeddable":true,"href":"https:\/\/1kbsw.p.lodz.pl\/index.php?rest_route=\/wp\/v2\/pages\/357"}],"wp:attachment":[{"href":"https:\/\/1kbsw.p.lodz.pl\/index.php?rest_route=%2Fwp%2Fv2%2Fmedia&parent=364"}],"curies":[{"name":"wp","href":"https:\/\/api.w.org\/{rel}","templated":true}]}}